se 16.
-116589
-30635520 (base 7) to base 5
-1130040043
Convert 220011302300 (base 4) to base 5.
10142300423
What is 632dee (base 15) in base 14?
8ab57a
23003221020 (base 4) to base 7
33431310
Convert -24899 (base 15) to base 10.
-116694
11011211110210 (base 3) to base 10
2220879
-1302341213 (base 5) to base 11
-1874440
What is -7511080 (base 9) in base 3?
-21120101002200
-2477b (base 16) to base 11
-a2252
-23554222 (base 6) to base 2
-10110110001010100110
What is 94313 (base 12) in base 10?
193983
What is -7a4cc (base 13) in base 7?
-1615251
12270523 (base 8) to base 3
12002222122010
Convert 165065165 (base 7) to base 4.
223021112321
Convert 1416299 (base 12) to base 9.
7485500
What is -12a4c (base 14) in base 5?
-2432212
239739 (base 11) to base 4
1130200031
-88049 (base 14) to base 2
-1010000011010000001
15333524 (base 7) to base 12
5ab128
-8201259 (base 10) to base 14
-1136b23
Convert 112737 (base 8) to base 15.
b57c
What is 43304034 (base 5) in base 9?
622478
12471242 (base 8) to base 12
b21a56
Convert -39ea1 (base 16) to base 12.
-b5341
-10e1e3 (base 16) to base 7
-12255444
-2168683 (base 11) to base 5
-1433202414
What is 7571642 (base 9) in base 12?
143aba8
What is -149b112 (base 13) in base 15?
-8a38db
-5151512 (base 7) to base 10
-617654
What is 138422 (base 12) in base 8?
1173532
What is 63323232 (base 7) in base 16?
51a4b2
-304190 (base 11) to base 7
-4103526
Convert 1242141 (base 9) to base 5.
133133414
What is 1000100001000000110 (base 2) in base 8?
1041006
What is 45030a (base 12) in base 8?
4143272
What is -6420c (base 14) in base 6?
-5103444
-31a8a (base 15) to base 9
-260204
Convert 1102011211 (base 3) to base 2.
110110010111000
Convert -7a7245 (base 14) to base 7.
-50301215
Convert 1aa0a91 (base 11) to base 10.
3529791
-3415211 (base 6) to base 16
-2a5d7
Convert 998ca (base 13) to base 15.
57710
Convert 3788670 (base 9) to base 8.
7704147
1c1c19 (base 13) to base 12
2a7800
Convert -100001110110000111010101 (base 2) to base 14.
-126d553
What is -c7019 (base 16) in base 15?
-1117be
What is -2121000012200 (base 3) in base 12?
-565523
What is -2bbbb5a (base 13) in base 9?
-28436477
-641215 (base 8) to base 14
-57c05
What is -8dad44 (base 14) in base 11?
-2800431
What is -83006 (base 15) in base 13?
-116c52
Convert 5869b8 (base 12) to base 5.
330444402
What is 34415422 (base 6) in base 2?
100000010110011100110
What is -254523252 (base 6) in base 4?
-103001231300
Convert -105923 (base 10) to base 15.
-215b8
What is 3071c3 (base 13) in base 2?
100010011110001110010
Convert 96960 (base 10) to base 8.
275300
Convert 121312133 (base 4) to base 9.
171222
111ba50 (base 16) to base 12
6011468
What is -237d488 (base 14) in base 10?
-16978032
What is -27 (base 9) in base 15?
-1a
Convert 3061650 (base 7) to base 4.
1121312121
25b28b (base 14) to base 3
2102222002220
What is 1421320411 (base 5) in base 11?
20a6599
Convert -200402222 (base 5) to base 8.
-3016716
122324144 (base 6) to base 14
455d04
Convert 1230302121 (base 4) to base 6.
13314533
What is -2a03c5 (base 15) in base 8?
-7564604
Convert -623292 (base 11) to base 10.
-999924
What is 1022224 (base 6) in base 16?
c268
What is -229542 (base 10) in base 5?
-24321132
Convert -1001000010010101 (base 2) to base 9.
-55685
58242 (base 13) to base 11
aa878
Convert 3275715 (base 8) to base 2.
11010111101111001101
What is -21211022120121 (base 3) in base 14?
-7a3b38
Convert -429ade (base 16) to base 10.
-4365022
Convert 7a204 (base 14) to base 12.
123890
What is 1040b4 (base 13) in base 15?
779d8
What is -2202012220010 (base 3) in base 8?
-5445146
Convert 10211333023 (base 4) to base 16.
125fcb
Convert 250993 (base 11) to base 14.
a46d4
What is -1677800 (base 9) in base 14?
-1a58a1
-32334054 (base 6) to base 16
-eaad2
Convert 637ab (base 15) to base 3.
121000221022
-4314010 (base 5) to base 9
-121126
Convert -20001121201 (base 3) to base 15.
-2551d
-190b6b6 (base 12) to base 2
-10100000000101000101010
Convert 214506 (base 10) to base 6.
4333030
-376026 (base 8) to base 13
-47285
What is -304312 (base 7) in base 16?
-caed
386337 (base 9) to base 10
234286
-2220302300 (base 4) to base 6
-22452452
What is -2966f (base 16) in base 2?
-101001011001101111
-23012405 (base 6) to base 9
-1278515
12123301033 (base 4) to base 2
110011011110001001111
What is -2142a70 (base 11) in base 4?
-32113212132
-32238 (base 15) to base 13
-57578
383c5e (base 15) to base 9
5058238
What is 46145 (base 12) in base 5?
10443014
What is -35148b (base 13) in base 9?
-2328845
Convert -100010121 (base 4) to base 2.
-10000000100011001
What is 1111010000001111 (base 2) in base 10?
62479
-424452 (base 15) to base 4
-30001311023
What is 5030165 (base 11) in base 3?
121202021010202
What is 211012010001 (base 3) in base 12?
190901
Convert -1a45818 (base 11) to base 5.
-1340321102
Convert -10011100111010101001 (base 2) to base 7.
-5314563
What is 82867 (base 12) in base 3?
22122222121
-1dcc5 (base 15) to base 3
-11221120212
What is 418871 (base 13) in base 15?
204238
Convert 54501 (base 12) to base 4.
123023101
-671dd (base 14) to base 4
-331003233
213112124 (base 6) to base 14
708a0c
What is 100100010110011101 (base 2) in base 16?
2459d
Convert 304200432 (base 5) to base 14.
244246
Convert -4d7c4a (base 15) to base 10.
-3722020
What is -5c344 (base 14) in base 13?
-7b932
Convert 67d0d (base 16) to base 3.
210121022020
What is 90797 (base 10) in base 6?
1540205
34003241 (base 6) to base 14
1ca49b
Convert -2431162 (base 10) to base 11.
-1410628
-21211222101221 (base 3) to base 9
-7758357
Convert -1010001000000101 (base 2) to base 14.
-11189
-100033311302 (base 4) to base 2
-10000001111110101110010
Convert 66d3d (base 15) to base 6.
11001451
Convert -10002211210202 (base 3) to base 2.
-110010010111010001010
Convert -344104220 (base 5) to base 4.
-11322203200
Convert -1103313133 (base 4) to base 9.
-573187
Convert -202133011331 (base 4) to base 8.
-42370575
Convert -6162011 (base 7) to base 10.
-737801
What is -4517c (base 13) in base 12?
-60765
What is 88808 (base 11) in base 14?
34cc8
What is -14953 (base 16) in base 6?
-1450151
What is 1548892 (base 10) in base 2?
101111010001001011100
What is -2240746 (base 8) in base 11?
-384900
What is -586121 (base 9) in base 10?
-352207
What is 29666 (base 13) in base 2?
10011000010101001
What is 23b2c26 (base 13) in base 10?
11088122
-311211331110 (base 4) to base 5
-12044032413
Convert 6203456 (base 10) to base 2.
10111101010100001000000
What is -759979 (base 10) in base 2?
-10111001100010101011
-32a24 (base 12) to base 3
-10102002101
What is 32332410 (base 5) in base 16?
43aee
What is 10131420 (base 5) in base 10?
83360
-224062b (base 12) to base 15
-896b85
Convert -10200000102 (base 3) to base 16.
-119f6
Convert 10011000101000100 (base 2) to base 16.
13144
Convert -1a4cd (base 15) to base 9.
-140214
6177d (base 15) to base 7
2424226
Convert -162473 (base 10) to base 6.
-3252105
a63952 (base 11) to base 10
1703495
-11357013 (base 8) to base 7
-30044130
-4869 (base 15) to base 14
-587d
What is -8a646 (base 13) in base 15?
-4e7da
Convert 446001 (base 7) to base 13.
29ba7
Convert 2022202210211 (base 3) to base 8.
4555073
Convert -807774 (base 13) to base 5.
-1231041001
222001001 (base 3) to base 7
106225
10101001100000100 (base 2) to base 6
1505444
What is 84728 (base 9) in base 6?
1111125
-30313030013 (base 4) to base 11
-19a32a8
6324433 (base 7) to base 12
309471
-100030031123 (base 4) to base 10
-4244315
Convert 11100110011101011 (base 2) to base 8.
346353
31103 (base 13) to base 3
11110210012
Convert -747396 (base 10) to base 12.
-300630
Convert -3627715 (base 10) to base 2.
-1101110101101011000011
-358db2 (base 15) to base 6
-130522022
What is 2001021100221 (base 3) in base 10?
1087936
-1100000010001001111 (base 2) to base 14
-a39b9
Convert -5834856 (base 9) to base 12.
-1080713
42096 (base 10) to base 15
c716
Convert -5161804 (base 10) to base 16.
-4ec34c
What is -24a3c (base 15) in base 3?
-12221120110
Convert 22102121021 (base 3) to base 16.
28822
What is -8847321 (base 9) in base 3?
-22221121100201
Convert -1102200122202 (base 3) to base 13.
-208832
What is -2462134 (base 7) in base 14?
-83ac4
What is -3516620 (base 10) in base 6?
-203212352
What is 306002 (base 9) in base 14?
4a2